{"id":3,"date":"2025-12-22T16:01:41","date_gmt":"2025-12-22T16:01:41","guid":{"rendered":"http:\/\/zikup-animations.fr\/?page_id=3"},"modified":"2025-12-31T10:10:28","modified_gmt":"2025-12-31T10:10:28","slug":"mentions-legales","status":"publish","type":"page","link":"https:\/\/zikup-animations.fr\/index.php\/mentions-legales\/","title":{"rendered":"Mentions l\u00e9gales"},"content":{"rendered":"\t\t<div data-elementor-type=\"wp-page\" data-elementor-id=\"3\" class=\"elementor elementor-3\" data-elementor-post-type=\"page\">\n\t\t\t\t<div class=\"elementor-element elementor-element-365fc1e9 e-flex e-con-boxed e-con e-parent\" data-id=\"365fc1e9\" data-element_type=\"container\">\n\t\t\t\t\t<div class=\"e-con-inner\">\n\t\t<div class=\"elementor-element elementor-element-d240d58 e-con-full e-flex e-con e-child\" data-id=\"d240d58\" data-element_type=\"container\">\n\t\t\t\t<div class=\"elementor-element elementor-element-777d319 elementor-widget elementor-widget-image\" data-id=\"777d319\" data-element_type=\"widget\" data-widget_type=\"image.default\">\n\t\t\t\t\t\t\t\t\t\t\t\t\t\t\t\t<a href=\"https:\/\/zikup-animations.fr\">\n\t\t\t\t\t\t\t<img decoding=\"async\" width=\"110\" height=\"84\" src=\"https:\/\/zikup-animations.fr\/wp-content\/uploads\/2025\/12\/logo-zik-up.svg\" class=\"attachment-full size-full wp-image-26\" alt=\"\" \/>\t\t\t\t\t\t\t\t<\/a>\n\t\t\t\t\t\t\t\t\t\t\t\t\t\t\t<\/div>\n\t\t\t\t<\/div>\n\t\t\t\t<div class=\"elementor-element elementor-element-6c25ac1b elementor-widget elementor-widget-text-editor\" data-id=\"6c25ac1b\" data-element_type=\"widget\" data-widget_type=\"text-editor.default\">\n\t\t\t\t\t\t\t\t\t<h2>Pr\u00e9ambule<\/h2>\n<p>Le site internet de ZikUp a pour objet d\u2019informer l\u2019ensemble de ses utilisateurs. En naviguant sur le site de ZikUp, vous acceptez pleinement et sans r\u00e9serve les pr\u00e9sentes conditions g\u00e9n\u00e9rales d\u2019utilisation. Ces conditions peuvent \u00eatre modifi\u00e9es \u00e0 tout moment et sans pr\u00e9avis.<\/p>\n<p><b>D\u00e9finitions :<\/b><\/p>\n<p><b>\u00ab Utilisateur \u00bb :<\/b> toute personne physique ou morale visitant le site en direct ou via un portail partenaire ;<br><b>\u00ab Site \u00bb :<\/b> site internet de ZikUp situ\u00e9 \u00e0 l\u2019URL \u00ab www.ZikUp-animations.fr \u00bb, accessible en direct ou via un portail partenaire ;<\/p><p>&#8211;<\/p>\n<p><\/p>\n<h2>1. Informations \u00e9ditoriales et techniques<\/h2>\n<p><b>\u00c9diteur du site :<\/b><\/p>\n<p>Ce site est la propri\u00e9t\u00e9 de Mr Philippe dont le si\u00e8ge social est situ\u00e9 :<br>xxxx<br>T\u00e9l. : 09.81.81.23.64<br>N\u00b0 SIRET : 42083997900069<br>&#8211;<br><b>Responsable de publication :<\/b><\/p>\n<p>Mr Philippe<br>&#8211;<br><b>H\u00e9bergement :<\/b><\/p>\n<p>Ce site est h\u00e9berg\u00e9 par la soci\u00e9t\u00e9 OVH, dont le si\u00e8ge social est localis\u00e9 \u00e0 l\u2019adresse suivante :<br>2 rue Kellermann, 59100 Roubaix<br>RCS Lille M\u00e9tropole 424 761 419 00045<br>Code APE 2620Z \u2013 n\u00b0 TVA : FR 22 424 761 419<br><b>&#8211;<br><\/b><b>Conception :<\/b><\/p>\n<p>Ce site a \u00e9t\u00e9 con\u00e7u par C\u00e9line Teiten.<\/p><p>&#8211;<\/p>\n<p><\/p>\n<h2>2. Propri\u00e9t\u00e9 intellectuelle<\/h2>\n<p>Ce site est une \u0153uvre de cr\u00e9ation. Son contenu rel\u00e8ve de la l\u00e9gislation fran\u00e7aise et internationale sur le droit d\u2019auteur et la propri\u00e9t\u00e9 intellectuelle.<br>Le site est la propri\u00e9t\u00e9 de ZikUp. Les photos, slogans, marques, logos, dessins et noms de domaine sont prot\u00e9g\u00e9s par les lois en vigueur sur la propri\u00e9t\u00e9 intellectuelle et appartiennent \u00e0 ZikUp ou \u00e0 tout tiers en ayant c\u00e9d\u00e9 les droits d\u2019utilisation \u00e0 ZikUp.<br>Les utilisateurs du site n\u2019ont qu\u2019un droit d\u2019usage des \u00e9l\u00e9ments ci-dessus. La copie et\/ou la reproduction de l\u2019un quelconque de ces \u00e9l\u00e9ments ou d\u2019une partie seulement de l\u2019un de ces \u00e9l\u00e9ments ne peut \u00eatre faite qu\u2019\u00e0 des fins purement personnelles. Dans les autres cas, l\u2019autorisation de ZikUp doit imp\u00e9rativement et pr\u00e9alablement \u00eatre sollicit\u00e9e par la personne d\u00e9sirant proc\u00e9der \u00e0 la copie et\/ou la reproduction de l\u2019un quelconque des \u00e9l\u00e9ments ci-dessus ou d\u2019une partie seulement de l\u2019un des \u00e9l\u00e9ments ci-dessus. Dans ce cadre, il sera fait application de l\u2019article L. 342-3 du code de la propri\u00e9t\u00e9 intellectuelle.<br>Le non-respect des dispositions du pr\u00e9sent article constitue un acte de contrefa\u00e7on.<br>\u00a9 2025 ZikUp. Tous droits r\u00e9serv\u00e9s<\/p><p>&#8211;<\/p>\n<p><\/p>\n<h2>3. Condition d\u2019utilisation du site<\/h2>\n<p>Tout utilisateur estimant que le site porte atteinte \u00e0 ses droits \u00e0 la personnalit\u00e9 (diffamation, droits d\u2019auteur\u2026) s\u2019engage \u00e0 en informer le titulaire du site pr\u00e9alablement \u00e0 toute proc\u00e9dure judiciaire, afin de permettre une cessation spontan\u00e9e de l\u2019atteinte si celle-ci est av\u00e9r\u00e9e.<br>Parall\u00e8lement, le responsable de la publication s\u2019engage \u00e0 retirer toute repr\u00e9sentation d\u2019une \u0153uvre ou d\u2019une marque qui contreviendrait \u00e0 des droits prot\u00e9g\u00e9s au titre de la propri\u00e9t\u00e9 intellectuelle.<br>Tout utilisateur situ\u00e9 \u00e0 l\u2019\u00e9tranger s\u2019engage \u00e0 quitter le site si tout ou partie de son contenu contrevient \u00e0 la l\u00e9gislation de son \u00c9tat, le titulaire du site d\u00e9clinant toute responsabilit\u00e9 en pareille situation.<\/p><p>&#8211;<\/p>\n<p><\/p>\n<h2>4. Bases de donn\u00e9es<\/h2>\n<p>Il est interdit d\u2019extraire, r\u00e9utiliser, stocker, reproduire, repr\u00e9senter ou conserver, directement ou indirectement sur un support quelconque, par tout moyen, et sous toute forme que ce soit, tout ou partie qualitativement ou quantitativement substantielle du contenu des bases de donn\u00e9es figurant sur ce site, ainsi que d\u2019en faire l\u2019extraction ou la r\u00e9utilisation r\u00e9p\u00e9t\u00e9e et syst\u00e9matique de parties qualitativement et quantitativement non substantielles lorsque ces op\u00e9rations exc\u00e8dent manifestement les conditions d\u2019utilisation normales.<\/p>\n<p>Les informations nominatives contenues dans ce serveur sont uniquement destin\u00e9es \u00e0 \u00eatre consult\u00e9es mais ne doivent \u00eatre ni modifi\u00e9es, ni reprises, en particulier pour enrichir des bases de donn\u00e9es, par exemple \u00e0 des fins commerciales ou publicitaires.<\/p>\n<p>Il est rappel\u00e9 que le fait d\u2019acc\u00e9der ou de se maintenir frauduleusement dans un syst\u00e8me informatique, d\u2019entraver ou de fausser le fonctionnement d\u2019un tel syst\u00e8me, d\u2019introduire ou de modifier frauduleusement des donn\u00e9es dans un syst\u00e8me informatique constituent des d\u00e9lits passibles de sanctions p\u00e9nales.<\/p><p>&#8211;<\/p>\n<p><\/p>\n<h2>5. Liens vers d\u2019autres sites<\/h2>\n<p>Des liens hypertextes pourront \u00eatre mis en place du site internet de ZikUp vers d\u2019autres sites internet. ZikUp n\u2019est pas garant du contenu de ces sites tiers qui restent totalement ind\u00e9pendants du site de ZikUp.<br>Certains sites pourront \u00e9tablir des liens hypertextes vers le site de ZikUp mais \u00e0 la condition d\u2019en avoir demand\u00e9 pr\u00e9alablement l\u2019autorisation par \u00e9crit \u00e0 ZikUp.<\/p><p>&#8211;<\/p>\n<p><\/p>\n<h2>6. Disponibilit\u00e9 du site<\/h2>\n<p>Le site pourra \u00eatre momentan\u00e9ment indisponible pour des raisons li\u00e9es \u00e0 la maintenance de celui-ci, \u00e0 la mise \u00e0 jour de donn\u00e9es ou encore en cas de panne. La responsabilit\u00e9 de ZikUp ne pourra \u00eatre recherch\u00e9e dans ce cadre.<\/p><p>&#8211;<\/p>\n<p><\/p>\n<h2>7. Acc\u00e8s au site et clause de non-responsabilit\u00e9<\/h2>\n<p>L\u2019utilisateur de ce site reconna\u00eet disposer de la comp\u00e9tence et des moyens n\u00e9cessaires pour acc\u00e9der et utiliser ce site.<br>Le contenu du site est fourni \u00ab en l\u2019\u00e9tat \u00bb, sans aucune garantie de quelque nature que ce soit. ZikUp ne garantit et ne saurait supporter la moindre responsabilit\u00e9 quant \u00e0 l\u2019usage qui pourrait en \u00eatre fait.<br>En aucun cas ZikUp ne pourra \u00eatre tenu responsable des dommages de toute nature, directs ou indirects qui r\u00e9sulteraient de l\u2019utilisation de ce site et notamment des dommages mat\u00e9riels, pertes de donn\u00e9es ou de programmes, r\u00e9sultant de son acc\u00e8s ou de son utilisation.<br>ZikUp ne peut garantir que les informations du site sont compl\u00e8tes, pr\u00e9cises, exactes, d\u00e9pourvues de toute erreur et \u00e0 jour.<br>Toute information pourra \u00eatre modifi\u00e9e sans avertissement pr\u00e9alable.<br>Conform\u00e9ment \u00e0 la loi n\u00b02004-575 du 21 juin 2004 modifi\u00e9e pour la confiance dans l\u2019\u00e9conomie num\u00e9rique, vous pouvez signaler tout contenu susceptible de rev\u00eatir les caract\u00e8res des infractions vis\u00e9es aux cinqui\u00e8me et huiti\u00e8me alin\u00e9as de l\u2019article 24 de la loi du 29 juillet 1881 sur la libert\u00e9 de presse et aux articles 227-23 et 227-24 du code p\u00e9nal.<br>Pour nous signaler un tel contenu, nous vous invitons \u00e0 contacter le ZikUp en pr\u00e9cisant la page ou le lien vers le contenu que vous estimez illicite : ZikUp.anim@gmail.com.<\/p><p>&#8211;<\/p>\n<p><\/p>\n<h2>8. Acc\u00e8s au site et clause de non-responsabilit\u00e9<\/h2>\n<p>ZikUp collecte les donn\u00e9es personnelles des utilisateurs de son site si ces utilisateurs ont donn\u00e9 leur consentement. Les donn\u00e9es collect\u00e9es sont relatives \u00e0 la date et \u00e0 l\u2019heure de la visite, des sites visit\u00e9s, du nom du fournisseur d\u2019acc\u00e8s internet et du site \u00e0 partir duquel l\u2019utilisateur a acc\u00e9d\u00e9 au site de ZikUp. Ces informations sont utilis\u00e9es pour mesurer l\u2019activit\u00e9 des sites internet, fournir des statistiques afin d\u2019am\u00e9liorer les services et informations pr\u00e9sents sur le site.<br>ZikUp est \u00e9galement susceptible de collecter des donn\u00e9es personnelles via des formulaires \u00e0 compl\u00e9ter par les utilisateurs. Les informations recueillies sur les formulaires de ce site sont enregistr\u00e9es dans un fichier informatis\u00e9 par ZikUp pour la r\u00e9ponse \u00e0 des demandes d\u2019informations, la relance commerciale, et la diffusion de publicit\u00e9s personnalis\u00e9es et non personnalis\u00e9es. En outre, vos donn\u00e9es personnelles seront utilis\u00e9es pour la personnalisation des annonces.<\/p>\n<p><\/p>\t\t\t\t\t\t\t\t<\/div>\n\t\t\t\t\t<\/div>\n\t\t\t\t<\/div>\n\t\t\t\t<\/div>\n\t\t","protected":false},"excerpt":{"rendered":"<p>Pr\u00e9ambule Le site internet de ZikUp a pour objet d\u2019informer l\u2019ensemble de ses utilisateurs. En naviguant sur le site de ZikUp, vous acceptez pleinement et sans r\u00e9serve les pr\u00e9sentes conditions g\u00e9n\u00e9rales d\u2019utilisation. Ces conditions peuvent \u00eatre modifi\u00e9es \u00e0 tout moment et sans pr\u00e9avis. D\u00e9finitions : \u00ab Utilisateur \u00bb : toute personne physique ou morale visitant [&hellip;]<\/p>\n","protected":false},"author":1,"featured_media":0,"parent":0,"menu_order":0,"comment_status":"closed","ping_status":"closed","template":"","meta":{"inline_featured_image":false,"_monsterinsights_skip_tracking":false,"_monsterinsights_sitenote_active":false,"_monsterinsights_sitenote_note":"","_monsterinsights_sitenote_category":0,"footnotes":""},"class_list":["post-3","page","type-page","status-publish","hentry"],"yoast_head":"<!-- This site is optimized with the Yoast SEO plugin v26.6 - https:\/\/yoast.com\/wordpress\/plugins\/seo\/ -->\n<title>Mentions l\u00e9gales - ZipUp Animations<\/title>\n<meta name=\"robots\" content=\"index, follow, max-snippet:-1, max-image-preview:large, max-video-preview:-1\" \/>\n<link rel=\"canonical\" href=\"https:\/\/zikup-animations.fr\/index.php\/mentions-legales\/\" \/>\n<meta property=\"og:locale\" content=\"en_US\" \/>\n<meta property=\"og:type\" content=\"article\" \/>\n<meta property=\"og:title\" content=\"Mentions l\u00e9gales - ZipUp Animations\" \/>\n<meta property=\"og:description\" content=\"Pr\u00e9ambule Le site internet de ZikUp a pour objet d\u2019informer l\u2019ensemble de ses utilisateurs. En naviguant sur le site de ZikUp, vous acceptez pleinement et sans r\u00e9serve les pr\u00e9sentes conditions g\u00e9n\u00e9rales d\u2019utilisation. Ces conditions peuvent \u00eatre modifi\u00e9es \u00e0 tout moment et sans pr\u00e9avis. D\u00e9finitions : \u00ab Utilisateur \u00bb : toute personne physique ou morale visitant [&hellip;]\" \/>\n<meta property=\"og:url\" content=\"https:\/\/zikup-animations.fr\/index.php\/mentions-legales\/\" \/>\n<meta property=\"og:site_name\" content=\"ZipUp Animations\" \/>\n<meta property=\"article:modified_time\" content=\"2025-12-31T10:10:28+00:00\" \/>\n<meta property=\"og:image\" content=\"http:\/\/zikup-animations.fr\/wp-content\/uploads\/2025\/12\/logo-zik-up.svg\" \/>\n<meta name=\"twitter:card\" content=\"summary_large_image\" \/>\n<meta name=\"twitter:label1\" content=\"Est. reading time\" \/>\n\t<meta name=\"twitter:data1\" content=\"5 minutes\" \/>\n<script type=\"application\/ld+json\" class=\"yoast-schema-graph\">{\"@context\":\"https:\/\/schema.org\",\"@graph\":[{\"@type\":\"WebPage\",\"@id\":\"https:\/\/zikup-animations.fr\/index.php\/mentions-legales\/\",\"url\":\"https:\/\/zikup-animations.fr\/index.php\/mentions-legales\/\",\"name\":\"Mentions l\u00e9gales - ZipUp Animations\",\"isPartOf\":{\"@id\":\"https:\/\/zikup-animations.fr\/#website\"},\"primaryImageOfPage\":{\"@id\":\"https:\/\/zikup-animations.fr\/index.php\/mentions-legales\/#primaryimage\"},\"image\":{\"@id\":\"https:\/\/zikup-animations.fr\/index.php\/mentions-legales\/#primaryimage\"},\"thumbnailUrl\":\"http:\/\/zikup-animations.fr\/wp-content\/uploads\/2025\/12\/logo-zik-up.svg\",\"datePublished\":\"2025-12-22T16:01:41+00:00\",\"dateModified\":\"2025-12-31T10:10:28+00:00\",\"breadcrumb\":{\"@id\":\"https:\/\/zikup-animations.fr\/index.php\/mentions-legales\/#breadcrumb\"},\"inLanguage\":\"en-US\",\"potentialAction\":[{\"@type\":\"ReadAction\",\"target\":[\"https:\/\/zikup-animations.fr\/index.php\/mentions-legales\/\"]}]},{\"@type\":\"ImageObject\",\"inLanguage\":\"en-US\",\"@id\":\"https:\/\/zikup-animations.fr\/index.php\/mentions-legales\/#primaryimage\",\"url\":\"https:\/\/zikup-animations.fr\/wp-content\/uploads\/2025\/12\/logo-zik-up.svg\",\"contentUrl\":\"https:\/\/zikup-animations.fr\/wp-content\/uploads\/2025\/12\/logo-zik-up.svg\",\"width\":110,\"height\":84},{\"@type\":\"BreadcrumbList\",\"@id\":\"https:\/\/zikup-animations.fr\/index.php\/mentions-legales\/#breadcrumb\",\"itemListElement\":[{\"@type\":\"ListItem\",\"position\":1,\"name\":\"Accueil\",\"item\":\"https:\/\/zikup-animations.fr\/\"},{\"@type\":\"ListItem\",\"position\":2,\"name\":\"Mentions l\u00e9gales\"}]},{\"@type\":\"WebSite\",\"@id\":\"https:\/\/zikup-animations.fr\/#website\",\"url\":\"https:\/\/zikup-animations.fr\/\",\"name\":\"ZipUp Animations\",\"description\":\"Chantez, vibrez, jouez\",\"publisher\":{\"@id\":\"https:\/\/zikup-animations.fr\/#organization\"},\"potentialAction\":[{\"@type\":\"SearchAction\",\"target\":{\"@type\":\"EntryPoint\",\"urlTemplate\":\"https:\/\/zikup-animations.fr\/?s={search_term_string}\"},\"query-input\":{\"@type\":\"PropertyValueSpecification\",\"valueRequired\":true,\"valueName\":\"search_term_string\"}}],\"inLanguage\":\"en-US\"},{\"@type\":\"Organization\",\"@id\":\"https:\/\/zikup-animations.fr\/#organization\",\"name\":\"ZipUp Animations\",\"url\":\"https:\/\/zikup-animations.fr\/\",\"logo\":{\"@type\":\"ImageObject\",\"inLanguage\":\"en-US\",\"@id\":\"https:\/\/zikup-animations.fr\/#\/schema\/logo\/image\/\",\"url\":\"https:\/\/zikup-animations.fr\/wp-content\/uploads\/2025\/12\/logo-zik-up.svg\",\"contentUrl\":\"https:\/\/zikup-animations.fr\/wp-content\/uploads\/2025\/12\/logo-zik-up.svg\",\"width\":110,\"height\":84,\"caption\":\"ZipUp Animations\"},\"image\":{\"@id\":\"https:\/\/zikup-animations.fr\/#\/schema\/logo\/image\/\"}}]}<\/script>\n<!-- \/ Yoast SEO plugin. -->","yoast_head_json":{"title":"Mentions l\u00e9gales - ZipUp Animations","robots":{"index":"index","follow":"follow","max-snippet":"max-snippet:-1","max-image-preview":"max-image-preview:large","max-video-preview":"max-video-preview:-1"},"canonical":"https:\/\/zikup-animations.fr\/index.php\/mentions-legales\/","og_locale":"en_US","og_type":"article","og_title":"Mentions l\u00e9gales - ZipUp Animations","og_description":"Pr\u00e9ambule Le site internet de ZikUp a pour objet d\u2019informer l\u2019ensemble de ses utilisateurs. En naviguant sur le site de ZikUp, vous acceptez pleinement et sans r\u00e9serve les pr\u00e9sentes conditions g\u00e9n\u00e9rales d\u2019utilisation. Ces conditions peuvent \u00eatre modifi\u00e9es \u00e0 tout moment et sans pr\u00e9avis. D\u00e9finitions : \u00ab Utilisateur \u00bb : toute personne physique ou morale visitant [&hellip;]","og_url":"https:\/\/zikup-animations.fr\/index.php\/mentions-legales\/","og_site_name":"ZipUp Animations","article_modified_time":"2025-12-31T10:10:28+00:00","og_image":[{"url":"http:\/\/zikup-animations.fr\/wp-content\/uploads\/2025\/12\/logo-zik-up.svg","type":"","width":"","height":""}],"twitter_card":"summary_large_image","twitter_misc":{"Est. reading time":"5 minutes"},"schema":{"@context":"https:\/\/schema.org","@graph":[{"@type":"WebPage","@id":"https:\/\/zikup-animations.fr\/index.php\/mentions-legales\/","url":"https:\/\/zikup-animations.fr\/index.php\/mentions-legales\/","name":"Mentions l\u00e9gales - ZipUp Animations","isPartOf":{"@id":"https:\/\/zikup-animations.fr\/#website"},"primaryImageOfPage":{"@id":"https:\/\/zikup-animations.fr\/index.php\/mentions-legales\/#primaryimage"},"image":{"@id":"https:\/\/zikup-animations.fr\/index.php\/mentions-legales\/#primaryimage"},"thumbnailUrl":"http:\/\/zikup-animations.fr\/wp-content\/uploads\/2025\/12\/logo-zik-up.svg","datePublished":"2025-12-22T16:01:41+00:00","dateModified":"2025-12-31T10:10:28+00:00","breadcrumb":{"@id":"https:\/\/zikup-animations.fr\/index.php\/mentions-legales\/#breadcrumb"},"inLanguage":"en-US","potentialAction":[{"@type":"ReadAction","target":["https:\/\/zikup-animations.fr\/index.php\/mentions-legales\/"]}]},{"@type":"ImageObject","inLanguage":"en-US","@id":"https:\/\/zikup-animations.fr\/index.php\/mentions-legales\/#primaryimage","url":"https:\/\/zikup-animations.fr\/wp-content\/uploads\/2025\/12\/logo-zik-up.svg","contentUrl":"https:\/\/zikup-animations.fr\/wp-content\/uploads\/2025\/12\/logo-zik-up.svg","width":110,"height":84},{"@type":"BreadcrumbList","@id":"https:\/\/zikup-animations.fr\/index.php\/mentions-legales\/#breadcrumb","itemListElement":[{"@type":"ListItem","position":1,"name":"Accueil","item":"https:\/\/zikup-animations.fr\/"},{"@type":"ListItem","position":2,"name":"Mentions l\u00e9gales"}]},{"@type":"WebSite","@id":"https:\/\/zikup-animations.fr\/#website","url":"https:\/\/zikup-animations.fr\/","name":"ZipUp Animations","description":"Chantez, vibrez, jouez","publisher":{"@id":"https:\/\/zikup-animations.fr\/#organization"},"potentialAction":[{"@type":"SearchAction","target":{"@type":"EntryPoint","urlTemplate":"https:\/\/zikup-animations.fr\/?s={search_term_string}"},"query-input":{"@type":"PropertyValueSpecification","valueRequired":true,"valueName":"search_term_string"}}],"inLanguage":"en-US"},{"@type":"Organization","@id":"https:\/\/zikup-animations.fr\/#organization","name":"ZipUp Animations","url":"https:\/\/zikup-animations.fr\/","logo":{"@type":"ImageObject","inLanguage":"en-US","@id":"https:\/\/zikup-animations.fr\/#\/schema\/logo\/image\/","url":"https:\/\/zikup-animations.fr\/wp-content\/uploads\/2025\/12\/logo-zik-up.svg","contentUrl":"https:\/\/zikup-animations.fr\/wp-content\/uploads\/2025\/12\/logo-zik-up.svg","width":110,"height":84,"caption":"ZipUp Animations"},"image":{"@id":"https:\/\/zikup-animations.fr\/#\/schema\/logo\/image\/"}}]}},"_links":{"self":[{"href":"https:\/\/zikup-animations.fr\/index.php\/wp-json\/wp\/v2\/pages\/3","targetHints":{"allow":["GET"]}}],"collection":[{"href":"https:\/\/zikup-animations.fr\/index.php\/wp-json\/wp\/v2\/pages"}],"about":[{"href":"https:\/\/zikup-animations.fr\/index.php\/wp-json\/wp\/v2\/types\/page"}],"author":[{"embeddable":true,"href":"https:\/\/zikup-animations.fr\/index.php\/wp-json\/wp\/v2\/users\/1"}],"replies":[{"embeddable":true,"href":"https:\/\/zikup-animations.fr\/index.php\/wp-json\/wp\/v2\/comments?post=3"}],"version-history":[{"count":9,"href":"https:\/\/zikup-animations.fr\/index.php\/wp-json\/wp\/v2\/pages\/3\/revisions"}],"predecessor-version":[{"id":335,"href":"https:\/\/zikup-animations.fr\/index.php\/wp-json\/wp\/v2\/pages\/3\/revisions\/335"}],"wp:attachment":[{"href":"https:\/\/zikup-animations.fr\/index.php\/wp-json\/wp\/v2\/media?parent=3"}],"curies":[{"name":"wp","href":"https:\/\/api.w.org\/{rel}","templated":true}]}}